ber?
False
Is 35185331 a prime number?
False
Is 7775269 a prime number?
True
Is 6182491 a prime number?
False
Is 28255613 a composite number?
False
Is 1837643 prime?
False
Is 6093041 a prime number?
True
Is 6513691 prime?
True
Is 6812777 prime?
False
Is 287479651 a composite number?
False
Is 4676297 a prime number?
True
Is 17336557 a prime number?
False
Is 14510891 a prime number?
True
Is 13325219 composite?
True
Is 55206353 composite?
False
Is 1883939 composite?
False
Is 191762213 a prime number?
False
Is 2001581 a prime number?
True
Is 27564385 a prime number?
False
Is 8306369 a composite number?
False
Is 38725091 a composite number?
False
Is 1965913 composite?
False
Is 5971781 a prime number?
True
Is 195924481 a prime number?
False
Is 145039561 a prime number?
False
Is 523541 prime?
True
Is 96908773 a composite number?
True
Is 88772569 a prime number?
True
Is 6007867 prime?
True
Is 840613 composite?
True
Is 5628473 a prime number?
True
Is 95486483 composite?
True
Is 18033811 prime?
True
Is 230628829 a composite number?
False
Is 2210027 a composite number?
False
Is 13923163 a composite number?
False
Is 10460581 composite?
True
Is 177405259 prime?
True
Is 16619377 a prime number?
False
Is 162275989 a composite number?
False
Is 45328199 a prime number?
False
Is 29257678 a composite number?
True
Is 4261837 a composite number?
False
Is 774462757 prime?
False
Is 376765581 a prime number?
False
Is 462081 a composite number?
True
Is 429521 a composite number?
False
Is 80497 prime?
False
Is 336709 prime?
False
Is 152040319 prime?
False
Is 1069217 a composite number?
False
Is 677531 a composite number?
False
Is 91251079 prime?
True
Is 1406711 prime?
False
Is 4211683 prime?
False
Is 15659359 a composite number?
False
Is 27046847 composite?
True
Is 1478833 prime?
False
Is 734017369 a composite number?
False
Is 12809233 a prime number?
False
Is 9733159 a composite number?
False
Is 11720977 a composite number?
False
Is 7801811 a composite number?
False
Is 184031 prime?
True
Is 132778643 a composite number?
False
Is 720767 composite?
False
Is 65612831 prime?
True
Is 6837653 composite?
False
Is 495634067 prime?
False
Is 5020861 composite?
False
Is 2640809 a composite number?
True
Is 1801031 prime?
False
Is 1716971 prime?
True
Is 20634031 a composite number?
True
Is 4476169 a prime number?
False
Is 27233029 prime?
True
Is 121291 prime?
True
Is 219997 a composite number?
True
Is 16582243 composite?
False
Is 7370609 a composite number?
False
Is 39521 prime?
True
Is 5935021 prime?
False
Is 3083503 a composite number?
False
Is 74721709 prime?
False
Is 681737989 composite?
True
Is 22980211 composite?
False
Is 3662297 prime?
False
Is 1852427 composite?
False
Is 490519 prime?
True
Is 28671301 a prime number?
True
Is 5383507 prime?
True
Is 108789133 a composite number?
False
Is 14329337 a composite number?
True
Is 3431401 prime?
True
Is 504535 prime?
False
Is 10621439 a prime number?
True
Is 1455131 a prime number?
False
Is 210415791 prime?
False
Is 125898949 a prime number?
False
Is 6186907 a prime number?
True
Is 13503535 composite?
True
Is 3442567 prime?
True
Is 71023621 composite?
False
Is 98622451 composite?
False
Is 97316257 a prime number?
False
Is 142643 a composite number?
True
Is 606739 prime?
False
Is 753013 a prime number?
False
Is 243281 composite?
True
Is 1634719 composite?
False
Is 136128071 a composite number?
False
Is 178245301 a prime number?
False
Is 2029723 a composite number?
False
Is 26952283 a composite number?
False
Is 205056921 prime?
False
Is 7257605 a prime number?
False
Is 169278821 prime?
True
Is 108673919 composite?
True
Is 129224801 a composite number?
False
Is 32101453 composite?
False
Is 2100841 a prime number?
True
Is 631117 a composite number?
True
Is 91673 prime?
True
Is 1825261 a composite number?
False
Is 221342207 a composite number?
True
Is 8698597 a composite number?
False
Is 2262527 a composite number?
True
Is 24228379 prime?
False
Is 3425921 a composite number?
False
Is 623093111 composite?
False
Is 3348866 composite?
True
Is 8775119 a prime number?
False
Is 98862661 a prime number?
True
Is 48762517 composite?
True
Is 13926239 a prime number?
False
Is 1880279 composite?
True
Is 1028758 a prime number?
False
Is 2802511 composite?
False
Is 42814501 composite?
True
Is 2609473 prime?
False
Is 348818011 prime?
True
Is 310081363 a prime number?
False
Is 480707 prime?
True
Is 89804641 composite?
True
Is 4545445 a prime number?
False
Is 2339891 prime?
False
Is 46302103 a composite number?
False
Is 9281737 prime?
True
Is 171922199 a composite number?
True
Is 4218243 a composite number?
True
Is 11975059 composite?
False
Is 658163 prime?
False
Is 111900751 composite?
True
Is 542490643 composite?
False
Is 63314417 a composite number?
True
Is 4589281 a composite number?
False
Is 30066151 composite?
True
Is 113530087 prime?
False
Is 44216749 a composite number?
True
Is 66220807 a prime number?
False
Is 95666423 a prime number?
False
Is 4959589 a prime number?
False
Is 42740741 a prime number?
True
Is 22822511 a prime number?
False
Is 3332957 prime?
True
Is 104689843 prime?
True
Is 65663597 prime?
False
Is 10490657 a prime number?
True
Is 30938107 composite?
False
Is 151905035 composite?
True
Is 4119419 prime?
True
Is 27300551 a prime number?
True
Is 837600763 a prime number?
True
Is 181221013 a prime number?
True
Is 2103721 a composite number?
True
Is 6860047 a composite number?
False
Is 1125359 a prime number?
True
Is 17651861 prime?
True
Is 266587 composite?
False
Is 189648037 a composite number?
False
Is 16399247 prime?
True
Is 108481693 composite?
True
Is 20269631 a composite number?
True
Is 281323909 a prime number?
True
Is 18789557 a prime number?
True
Is 19655239 composite?
True
Is 50666501 a composite number?
True
Is 39475859 a composite number?
True
Is 3580259 composite?
False
Is 62289707 a composite number?
False
Is 3638809 composite?
False
Is 4952927 a composite number?
True
Is 13878485 prime?
False
Is 347054007 prime?
False
Is 16013611 prime?
True
Is 1343413 prime?
True
Is 19499885 prime?
False
Is 67242127 composite?
False
Is 24305003 a prime number?
True
Is 6573871 composite?
True
Is 66168331 a prime number?
True
Is 1006633 prime?
True
Is 185122901 a prime number?
True
Is 1769753 composite?
True
Is 26928287 composite?
False
Is 94612721 a composite number?
True
Is 447805 a prime number?
False
Is 48410069 a prime number?
False
Is 29275057 a composite number?
True
Is 797309 prime?
True
Is 187937 a prime number?
False
Is 45334097 prime?
False
Is 1028729 prime?
False
Is 265885331 a composite number?
False
Is 55908499 a prime number?
True
Is 117605359 prime?
True
Is 25694041 composite?
False
Is 12111334 composite?
True
Is 45115789 a composite number?
True
Is 188665583 a composite number?
False
Is 622133 prime?
True
Is 3761149 a composite number?
True
Is 408530697 prime?
False
Is 111321773 a prime number?
False
Is 3256283 a prime number?
False
Is 4075697 a composite number?
True
Is 30085729 composite?
False
Is 3517963 prime?
False
Is 2157293 a composite number?
False
Is 2566727 prime?
False
Is 2798981 prime?
True
Is 799193 composite?
True
Is 82195769 composite?
False
Is 60946607 prime?
False
Is 768019 a composite number?
True
Is 40043297 a composite number?
True
Is 577136953 composite?
True
Is 190918121 a prime number?
True
Is 304798915 prime?
False
Is 3374639 prime?
False
Is 13496207 composite?
False
Is 60429521 prime?
False
Is 3470851 a prime number?
True
Is 10306817 prime?
True
Is 28168687 a prime number?
True
Is 3460973 composite?
False
Is 10626137 a composite number?
False
Is 12968239 composite?
True
Is 22502159 composite?
False
Is 36127279 prime?
True
Is 10009777 a composite number?
False
Is 48984193 composite?
True
Is 457447 composite?
True
Is 8148263 composite?
False
Is 1281841 prime?
False
Is 61573541 a prime number?
False
Is 32677483 prime?
False
Is 9779399 a prime number?
False
Is 201361499 prime?
True
Is 349375393 a composite number?
True
Is 27677981 composite?
False
Is 35226233 prime?
False
Is 898853 composite?
False
Is 7518961 composite?
False
Is 4522393 a composite number?
True
Is 2721995 prime?
False
Is 6775337 a prime number?
True
Is 175976389 a prime number?
True
Is 1309528937 prime?
True
Is 2258947 a prime 